6).
5
Let t(y) = -y**3 + 520*y**2 + 8459*y + 62706. Determine t(536).
-6
Let j(r) = -543*r - 5422. What is j(-10)?
8
Let d(l) = -l**3 + 44*l**2 + 1544*l + 61. Give d(-23).
-8
Let h(f) = f**2 - 69*f + 1047. Calculate h(64).
727
Let c(x) = x**3 - 87*x**2 - 655*x - 270. Give c(94).
12
Let g(h) = -3*h**3 - 439*h**2 - 584*h - 474. Give g(-145).
106
Let u(t) = -2845*t**2 - 7*t + 6. What is u(1)?
-2846
Let v(b) = 11417*b + 3836092. Calculate v(-336).
-20
Let m(c) = 16359*c + 163567. Give m(-10).
-23
Let m(c) = 2536*c - 114104. Determine m(45).
16
Let s(p) = -111*p**2 + 2*p - 41. Give s(3).
-1034
Let h(m) = 4*m**3 + 183*m**2 + 306*m - 285. Give h(-44).
-197
Let i(n) = -8610*n + 223760. Give i(26).
-100
Let r(o) = -58*o**2 - 390*o + 1156. Determine r(3).
-536
Let u(n) = 256927*n - 1541550. Calculate u(6).
12
Let h(z) = 25210*z + 74438. Calculate h(-3).
-1192
Let n(c) = -c**3 - 38*c**2 - c + 5456. Give n(-33).
44
Let t(z) = -z**2 - 41272*z + 206351. Calculate t(5).
-34
Let v(c) = 860*c - 40443. Give v(47).
-23
Let d(a) = -952*a**2 - 41885*a + 91. Give d(-44).
-41
Let b(s) = s**3 + 366*s**2 - 1496*s - 5914. What is b(-370)?
6
Let x(r) = -r**2 + 27*r + 487. Give x(29).
429
Let f(i) = i**2 - 68*i - 1961. Determine f(83).
-716
Let y(z) = -70*z**2 - 3004*z - 287. Determine y(-43).
-545
Let j(q) = 112*q + 3610. What is j(-36)?
-422
Let b(g) = -1901*g + 136656. What is b(71)?
1685
Let x(h) = -h**3 + 26*h**2 - 70*h - 1216. Give x(19).
-19
Let r(q) = -q**3 + 61*q**2 + 7110*q + 1779. What is r(-59)?
9
Let o(d) = -d**3 + 20*d**2 - 6*d - 176. Calculate o(10).
764
Let b(p) = 4*p**2 - 582*p + 2939. What is b(141)?
401
Let d(v) = -v**2 - 124*v + 35152. Determine d(134).
580
Let h(x) = -2*x**3 + 36*x**2 - 123*x + 2128. Give h(18).
-86
Let c(f) = 781*f + 66754. Calculate c(-86).
-412
Let c(p) = -1895*p + 66276. Give c(35).
-49
Let r(u) = -3*u**2 + 118*u - 15. What is r(0)?
-15
Let z(s) = 58*s**2 - 11092*s + 2676. Determine z(191).
2
Let l(g) = g**3 + 124*g**2 - 14*g - 382. Determine l(-124).
1354
Let f(h) = 101*h**2 - 176*h + 71. Calculate f(1).
-4
Let r(q) = 33*q**3 + 357*q**2 - 385*q - 3515. Give r(-11).
-6
Let a(d) = -1072*d**2 + 10695*d - 36. What is a(10)?
-286
Let c(g) = -6*g**2 - 429*g - 302. Give c(-74).
-1412
Let i(j) = j**3 + 263*j**2 + 2835*j - 44419. What is i(-251)?
8
Let o(x) = -19932*x - 996617. Calculate o(-50).
-17
Let s(g) = 274*g + 47250. Calculate s(-172).
122
Let c(w) = w**3 + 7*w**2 - 57*w - 348. Calculate c(-8).
44
Let c(a) = -a**3 + 13*a**2 - 141*a + 1697. Give c(13).
-136
Let z(o) = -2*o**3 + 8*o**2 - 4993*o + 30072. Determine z(6).
-30
Let n(t) = 1305*t - 19563. Calculate n(15).
12
Let a(r) = -r**3 + 265*r**2 - 2119*r + 16199. What is a(257)?
8
Let k(y) = 4*y**3 + 317*y**2 + 81*y + 259. What is k(-79)?
101
Let u(n) = -208*n - 1130. Determine u(-7).
326
Let q(k) = -679*k - 8497. Determine q(-12).
-349
Let k(i) = -3*i**3 + 3575*i**2 + 28807*i + 90. Calculate k(-8).
-30
Let m(n) = -n**2 + 121*n + 4045. Determine m(-27).
49
Let l(t) = 436063*t + 1744246. Calculate l(-4).
-6
Let d(k) = k**3 - 61*k**2 + 790*k - 29. Determine d(41).
-1259
Let o(h) = -h**3 - 27*h**2 + 4*h + 779. Calculate o(-25).
-571
Let p(q) = q**3 + 22*q**2 - 26*q - 5. Calculate p(-21).
982
Let q(v) = 1888*v + 253095. What is q(-134)?
103
Let x(c) = c**3 - 665*c**2 + 52683*c + 18922. Give x(573).
13
Let m(o) = o**2 + 75*o + 1449. Determine m(-42).
63
Let n(o) = -2906*o**2 + 1083938*o + 37. Determine n(373).
37
Let f(u) = 3*u**2 - 1814*u + 18072. Determine f(10).
232
Let s(f) = 3*f**2 + 92*f - 279065. What is s(290)?
-85
Let g(t) = -15*t**2 - 128*t - 1065. Give g(-8).
-1001
Let p(w) = -w**3 + 40*w**2 + 820*w - 36. Calculate p(-15).
39
Let w(b) = 262*b**2 - 3739*b + 1007. Calculate w(14).
13
Let i(s) = -2015*s**2 + 32233*s + 108. Calculate i(16).
-4
Let b(a) = 31*a**3 + 3*a**2 + 289*a + 1400. Determine b(-5).
-3845
Let m(f) = -f**3 + 197*f**2 - 9359*f - 92. Determine m(80).
-12
Let y(k) = -3*k**2 + 2403*k + 14441. Determine y(-6).
-85
Let v(n) = -273895*n + 10134119. Give v(37).
4
Let d(r) = -r**3 - 68*r**2 - 291*r + 5028. Give d(-62).
6
Let o(u) = -339*u**2 - 3647*u - 1. Calculate o(-11).
-903
Let k(z) = z**2 - 80817*z - 727395. Give k(-9).
39
Let t(i) = i**3 + 40*i**2 - 1082*i - 31704. Calculate t(-49).
-295
Let f(l) = 3*l**3 - 88*l**2 - 16*l + 1365. What is f(29)?
60
Let y(g) = -4*g**2 + 109*g - 1182. Calculate y(11).
-467
Let x(t) = 4465*t + 31676. Determine x(-7).
421
Let l(m) = -m**2 + 94*m + 1773. Give l(-35).
-2742
Let v(s) = -s**2 - 943*s + 554. What is v(0)?
554
Let l(u) = -u**2 - 11327*u + 614607. What is l(54)?
33
Let y(c) = c**3 - 93*c**2 - 5199*c + 92037. Calculate y(128).
5
Let i(h) = 276*h**2 - 4635*h - 45. Calculate i(17).
924
Let d(n) = -18435*n + 1290445. What is d(70)?
-5
Let a(r) = r**2 - 93*r + 2122. Calculate a(45).
-38
Let g(i) = 2*i**2 - 61*i + 769. Give g(25).
494
Let g(m) = 696*m - 197564. What is g(284)?
100
Let q(v) = -v**3 - 215*v**2 + 12909*v - 7128. Determine q(-264).
0
Let f(g) = -221*g + 25353. Determine f(117).
-504
Let k(i) = -5*i**2 + 256*i - 3348. What is k(16)?
-532
Let i(a) = 1643*a - 9202. Determine i(6).
656
Let m(i) = i**2 + 61*i - 75954. What is m(-314)?
3488
Let z(x) = -x**3 + 98*x**2 - 839*x - 2866. Calculate z(88).
742
Let x(y) = y**3 + 123*y**2 - 84683*y - 9673. What is x(236)?
3
Let o(h) = -117*h**2 + 356*h + 1311. What is o(5)?
166
Let v(u) = u**3 - 76*u**2 + 425*u - 468. Determine v(70).
-118
Let k(f) = f**2 - 12*f - 1022. Give k(-20).
-382
Let m(n) = -41*n**2 - 978*n - 65. Give m(-24).
-209
Let c(q) = 19*q**3 - q**2 - 3677*q - 3674. Calculate c(-1).
-17
Let w(a) = -4*a**2 - 4023*a - 36247. Determine w(-9).
-364
Let t(i) = 5*i**3 + 55*i**2 - 62*i - 94. Determine t(-12).
-70
Let v(c) = -2*c**2 + c + 148241. What is v(-272)?
1
Let c(s) = 3*s**2 - 7181*s + 399754. What is c(57)?
184
Let h(f) = -3*f**3 - 185*f**2 - 2473*f - 157170. Determine h(-62).
0
Let r(a) = 4*a**3 + 187*a**2 - 676*a - 1230. Give r(-50).
70
Let s(p) = 3*p**2 - 112*p + 194. Determine s(35).
-51
Let w(f) = 273*f - 16305. What is w(62)?
621
Let r(u) = -3*u**3 + 1197*u**2 + 1203*u - 1199. Calculate r(400).
1
Let o(p) = 14*p**2 - 20*p - 102. What is o(-4)?
202
Let s(t) = 2*t**3 + 153*t**2 - 2*t + 5730. What is s(-77)?
-45
Let j(d) = -4383*d - 1617330. Give j(-369).
-3
Let g(i) = -i**3 + 6*i**2 - 1081*i + 4330. Calculate g(4).
38
Let c(q) = 5388*q - 1039862. What is c(193)?
22
Let m(r) = -r**2 - 54*r + 579. What is m(-65)?
-136
Let g(h) = 9*h**2 + 87*h + 249. What is g(-4)?
45
Let w(z) = -12*z - 1363. Calculate w(-23).
-1087
Let p(y) = -y**3 - 5*y**2 + 123*y + 943. Give p(-15).
1348
Let c(a) = 44932*a + 629034. Calculate c(-14).
-14
Let u(q) = -q**3 + 28*q**2 + 183*q + 2178. Determine u(35).
8
Let d(b) = -1659*b - 194443. What is d(-117)?
-340
Let c(q) = -17*q**2 + 1111*q + 1572. What is c(67)?
-304
Let g(s) = 3874*s + 81706. Calculate g(-21).
352
Let u(d) = -1323*d + 9189. Give u(7).
-72
Let g(p) = 7654*p - 1614988. Give g(211).
6
Let u(y) = 277*y**2 - 2909*y - 2911. What is u(-1)?
275
Let d(r) = -2*r**2 + 221*r + 2045. Determine d(119).
22
Let p(x) = -17*x**2 - 4814*x + 8230. Calculate p(-285).
-605
Let r(i) = 385*i - 6266. What is r(16)?
-106
Let d(a) = -218*a + 2184. Calculate d(10).
4
Let w(z) = 258*z**2 + 1633*z - 1208. What is w(-7)?
3
Let o(q) = 580*q**2 + 56*q - 101. Calculate o(2).
2331
Let v(h) = -2*h**3 + 109*h**2 + 893*h - 51120. What is v(54)?
18
Let y(p) = 3*p**3 - 31*p**2 + 36*p - 159. Calculate y(4).
-319
Let f(q) = 19714*q - 532255. What is f(27)?
23
Let g(a) = -a**3 - 6*a**2 - 446*a - 4826. Give g(-10).
34
Let k(c) = 26*c**3 - 571*c**2 - 52*c + 32. Calculate k(22).
-628
Let d(x) = -28026*x - 168113. Give d(-6).
43
Let q(d) = 47*d**2 + 633*d + 44. Give q(-14).
394
Let m(h) = 5*h**3 + 20*h**2 + 220*h + 1400. What is m(-7)?
-875
Let q(f) = 7*f**3 + 50*f**2 - 513*f - 3420. Determine q(-6).
-54
Let v(a) = -a**3 + 8*a**2 - 52*a + 869. Calculate v(11).
-66
Let h(d) = 65*d**2 - 3253*d + 190. What is h(50)?
40
Let j(p) = -158891*p - 17319116. Give j(-109).
3
Let b(d) = -14013*d + 630582. Give b(45).
-3
Let p(g) = -g**3 + 35*g**2 + 1165*g - 12581. Determine p(9).
10
Let q(j) = 5*j**2 + 232283*j + 232281. Give q(-1).
3
Let s(b) = -7*b**3 + 114*b**2 + 136*b + 14